ppose 7*b + g - 3275 = 5*b, -4*b + 3*g + 6535 = 0. What are the prime factors of b?
2, 409
Let a(x) = -36*x**2 + 4*x - 1. Let k(i) = 35*i**2 - 4*i. Let m(d) = 3*a(d) + 4*k(d). What are the prime factors of m(-2)?
7, 19
What are the prime factors of -1916*((-35)/14 - -2)?
2, 479
Let w(j) = 2*j + 14. Let v be w(-6). List the prime factors of -4 + 71 + v + -1.
2, 17
Suppose -4*h - 4*n - 1040 = -8*h, 2*n = -5*h + 1293. Suppose 0 = -2*g + h + 25. List the prime factors of g.
2, 71
Let b = 1210 - 576. What are the prime factors of b?
2, 317
Suppose 3*z - 5200 = -a, -5*z - 3*a + 8660 = -0*z. List the prime factors of z.
5, 347
Suppose 179 = l - 3*o, -2*l - o + 385 = 2*o. Let h = 4 + l. List the prime factors of h.
2, 3
Let s be 1686/42 - (-2)/(-14). Suppose -5*q = c - 209, 3*c + s = q + 5*c. List the prime factors of q.
2, 3, 7
Let g(x) = -x**3 - x**2 + 8*x + 1722. List the prime factors of g(0).
2, 3, 7, 41
Let p be 580/15*6 + -3. Let h = 480 - p. List the prime factors of h.
251
Suppose 3173 + 3875 = 4*k - 2*a, 16 = -4*a. What are the prime factors of k?
2, 5, 11
Let f = -22 - -38. Let x be (-21)/28*1*f. Let q = x - -26. What are the prime factors of q?
2, 7
Let r(j) = j**3 - 5*j**2 - 16*j + 17. Let m be r(7). List the prime factors of 716/16 + m/12.
3, 5
Suppose 0 = -3*m + p + 14, 6*m - 30 = m + 3*p. Suppose 0 = -m*x + 23 + 79. Suppose -6*v + 3*v - 2*g = -51, -g = 2*v - x. List the prime factors of v.
17
Let u be (-9)/(-6)*8/6. Let p(i) be the second derivative of i**4/4 - i**3/6 + i**2 + 8*i. List the prime factors of p(u).
2, 3
Suppose -6 + 9 = l. Suppose -3*w = -3*f + 102, 0*f - 108 = -l*f + w. List the prime factors of f.
37
Let t = 34 - 48. Let p = t + 38. Let k = -8 + p. What are the prime factors of k?
2
Suppose -26*t + 20*t + 1098 = 0. What are the prime factors of t?
3, 61
Let n(l) = -3453*l**3 - 2*l**2 - 4*l - 2. What are the prime factors of n(-1)?
3, 1151
Suppose -3*a = 2*a - 8830. List the prime factors of a.
2, 883
Let m(l) = 9*l**3 - 7*l - 6. Let z be m(-3). Let h = z + 328. What are the prime factors of h?
2, 5
Let i = 531 + -286. What are the prime factors of i?
5, 7
Suppose 5*w - 519 = -2*s, s + 213 = 2*w - 0*s. Let q = -49 - -18. Let g = q + w. What are the prime factors of g?
2, 37
Let r = 86 + -10. Let i = r + -37. What are the prime factors of i?
3, 13
Let f = 1460 - 425. What are the prime factors of f?
3, 5, 23
Let x(q) = -2*q - 104. Let c be x(-54). Suppose 236 + 56 = 2*m. Suppose -m = -3*b - 0*k - 2*k, b - c*k - 58 = 0. What are the prime factors of b?
2, 5
Let d(j) = 2*j**2 - j - 2. Let t be d(-1). Let v be -6*(-1 + -5 + t). What are the prime factors of v + (-3)/((-9)/3)?
31
Let o(x) = 16*x**2 - x + 2. Let v be o(1). Suppose d - 38 = v. List the prime factors of d.
5, 11
Let i = -38 + 44. Let f(h) = h**3 + 3*h**2 + h + 2. Let y be f(-3). Let l = i - y. What are the prime factors of l?
7
Let x(r) = r**2 + 21*r + 16. Let k be x(-20). Let w(z) = -z**3 + 2*z**2 + 13*z + 4. List the prime factors of w(k).
2, 3
Let i = -418 + 660. What are the prime factors of i?
2, 11
Suppose -30*l + 6 = -28*l. List the prime factors of 194 + -2 - (-5 - 4)/l.
3, 5, 13
Let y(u) = -2*u**3 - 40*u**2 + 33*u + 63. List the prime factors of y(-21).
2, 3, 7
What are the prime factors of (-1*(-723)/1)/((-21)/(-14))?
2, 241
Let w(u) = 34*u - 186. List the prime factors of w(32).
2, 11, 41
Suppose -2*n + 3*v = -129, n - 2*v = 16 + 51. Suppose n*x + 488 = 61*x. What are the prime factors of x?
2, 61
Suppose 3*j + 59 = -4*v, 11*j + 5*v + 80 = 7*j. List the prime factors of 68 - 5/(j/20).
2, 3
Let d be 33 - ((-4)/(-4) + -2). Suppose 36*p = d*p + 24. What are the prime factors of p?
2, 3
Let t be (6/15)/(2/40). Let f(b) = -4*b**2 + 7*b**3 - 2 - 4 + 1 - t*b**3. List the prime factors of f(-5).
2, 5
Let w = -291 + 496. What are the prime factors of w?
5, 41
Suppose d + 6 = -0*d. Let k be ((-140)/15)/(4/6). Let f = d - k. List the prime factors of f.
2
Let v be (60/10)/(3 + -1). Suppose 0 = 3*d - 12, -v*g - 5*d = -15 - 62. Suppose 4*b = -20, 3*j - 3*b = -g + 91. List the prime factors of j.
19
Suppose 0 = 4*q - 7*q + 6. Suppose -8 = -q*f + 2*y, -y = 3*f - 6*y - 16. Suppose 4*j = -n + 5*n - 12, f*n = 5*j. List the prime factors of n.
5
Let a be 8*3/(-48)*-4. List the prime factors of 321/1 + (3 - a).
2, 7, 23
Let r = -1069 - -1829. What are the prime factors of r?
2, 5, 19
Suppose 60*j = 36*j + 69960. What are the prime factors of j?
5, 11, 53
Let q = 23 + -21. Suppose -11 = -q*b - 1. Suppose 0*s = b*c - 2*s - 123, 98 = 4*c - 2*s. List the prime factors of c.
5
Let h(f) = -f**3 - 7*f**2 + 0*f - 22 - 8*f + 13. Let q be h(-6). Let i = 12 - q. What are the prime factors of i?
3
Let c = 93 + -90. Suppose 171 = i + 2*n, -c*n + n = -i + 159. List the prime factors of i.
3, 5, 11
Suppose -30*l = -13*l - 6375. What are the prime factors of l?
3, 5
What are the prime factors of ((114912/(-60))/(-8))/(2/10)?
3, 7, 19
Suppose i + 3*c = 39, 2*i + c - 125 = -3*i. Let d be (-79)/(-2) + 1/2. Let y = d - i. List the prime factors of y.
2
Let n(s) = -6*s + 0 + s - 8 + 3*s. Let c be n(-6). Suppose 2*w + 3*z - 9 - 17 = 0, -5*z = -c*w + 52. What are the prime factors of w?
13
Let u = -12 - -272. What are the prime factors of u?
2, 5, 13
Let k be 4 - -3 - (5 - 2). Let l be ((-8)/k)/2 + 3. Suppose -3*r = -5*x - 2 - 44, -l*r = 4*x - 16. What are the prime factors of r?
2, 3
Let g = -95 + 167. Let n = g + -42. Suppose j + j - n = 0. What are the prime factors of j?
3, 5
Let p be 4/(-2)*(3 + -4). Suppose -j = -l - 5, 0*j + p*j + 4*l = 4. Suppose 3*s - s - j = 0. What are the prime factors of s?
2
Let r = -170 + 74. Let w = -31 - r. List the prime factors of w.
5, 13
Suppose 5*g - 146 - 1274 = -5*v, 1426 = 5*g + 2*v. List the prime factors of g.
2, 11, 13
Let o = 12 + -23. Let d = -35 + 65. Let c = d + o. What are the prime factors of c?
19
Let w = 317 - 219. What are the prime factors of w?
2, 7
Let w = -226 + 377. Let u = 281 - w. Let y = u - 88. What are the prime factors of y?
2, 3, 7
Let v = -14 + 26. Suppose -15*p + 36 = -v*p. Let k = p - -55. List the prime factors of k.
67
Let g = -103 - -19. Suppose 3*b - 257 = -3*q + 112, -5*b + 579 = -4*q. Let d = b + g. List the prime factors of d.
5, 7
Let n = 5850 + -3392. What are the prime factors of n?
2, 1229
Let v = 418 - -39. What are the prime factors of v?
457
Suppose -5*h - 14485 = -4*n, 12*h - 9*h = -2*n + 7259. What are the prime factors of n?
5, 29
Suppose -108 = -9*a + 15*a. Let u(t) = -t**2 - 25*t - 15. What are the prime factors of u(a)?
3, 37
Let m be (6 + -3)/(6/8). Suppose t = -m*t. Suppose -5*c - d + 160 = 0, 3*d + t*d - 128 = -4*c. What are the prime factors of c?
2
Suppose -a + 34 + 43 = -4*c, -39 = 2*c - a. Let y(k) = 6*k**3 + k**2 - k + 1. Let r be y(-2). Let l = c - r. List the prime factors of l.
2, 11
Suppose v - 4*v + 2*f = -2028, -5*v - f + 3393 = 0. List the prime factors of v.
2, 3, 113
List the prime factors of ((32/(-6))/(-4))/((-9)/(-1107)).
2, 41
Let p(a) = a**2 - 11*a + 33. Let y be p(6). Let m(q) = 3*q**2 - q - 8. What are the prime factors of m(y)?
2
Suppose 0 = t + 4*t - 60. Suppose l + 4*o = 102, t + 81 = l + o. What are the prime factors of l?
2, 3, 5
Let w(r) = 18*r**2 + 34*r + 6. Let q(k) = 9*k**2 + 17*k + 3. Let x(p) = -11*q(p) + 6*w(p). List the prime factors of x(-4).
79
Suppose 0 = 9*g - 10*g + 435. What are the prime factors of g?
3, 5, 29
Suppose -5459 = -4*u + 857. What are the prime factors of u?
1579
Let o = 705 + 1674. What are the prime factors of o?
3, 13, 61
Suppose 4*x - 4*j + 5*j = 0, -2*x + j = -6. Let l be x/(-4) - 20/(-16). List the prime factors of 36 - (4 - 8/l).
2, 5
Let g(n) = 10*n**3 - 9*n**2 + 6*n - 7. What are the prime factors of g(4)?
3, 19
Suppose -363 = -11*t + 506. Let d = t - 47. List the prime factors of d.
2
Let x(a) = -25*a - 75. List the prime factors of x(-28).
5
Let h = 2817 + -1940. What are the prime factors of h?
877
Let z(y) = 13*y**2 + 31*y. Let u be z(-13). Suppose u = 32*g - 26*g. What are the prime factors of g?
13, 23
Let f(x) = 14*x**3 + 8*x**2 + 11*x - 11. Let d(j) = 13*j**3 + 7*j**2 + 10*j - 10. Let k(c) = 7*d(c) - 6*f(c). What are the prime factors of k(2)?
2
Let r be ((-4*1)/1)/(3/183). What are the prime factors of (-1)/4 - r/16?
3, 5
Let i